{"id":69,"date":"2015-12-02T15:30:35","date_gmt":"2015-12-02T14:30:35","guid":{"rendered":"http:\/\/alter-schmiedehof.de\/index.php\/tierhaltung-2\/"},"modified":"2016-02-16T14:08:42","modified_gmt":"2016-02-16T13:08:42","slug":"schule-beruf","status":"publish","type":"page","link":"https:\/\/alter-schmiedehof.de\/index.php\/schule-beruf\/","title":{"rendered":"Schule und berufliche F\u00f6rderung"},"content":{"rendered":"<\/div><\/div><\/div><!-- close content main div --><\/div><\/div><div id='full_slider_1' class='avia-fullwidth-slider main_color avia-shadow   container_wrap fullsize'   ><div  data-size='featured_large'  data-lightbox_size='large'  data-animation='slide'  data-ids='156'  data-video_counter='0'  data-autoplay='false'  data-bg_slider='false'  data-slide_height=''  data-handle='av_slideshow_full'  data-interval='5'  data-class=' '  data-css_id=''  data-scroll_down=''  data-control_layout='av-control-default'  data-custom_markup=''  data-perma_caption=''  data-autoplay_stopper=''  data-image_attachment=''  data-min_height='0px'  data-src=''  data-position='top left'  data-repeat='no-repeat'  data-attach='scroll'  data-stretch=''  data-default-height='42'  class='avia-slideshow avia-slideshow-1  av-control-default av-default-height-applied avia-slideshow-featured_large av_slideshow_full   avia-slide-slider '  itemscope=\"itemscope\" itemtype=\"https:\/\/schema.org\/ImageObject\" ><ul class='avia-slideshow-inner' style='padding-bottom: 42%;'><li  class=' av-single-slide slide-1 ' ><div data-rel='slideshow-1' class='avia-slide-wrap'  ><div class = \"caption_fullwidth av-slideshow-caption caption_center\"><div class = \"container caption_container\"><div class = \"slideshow_caption\"><div class = \"slideshow_inner_caption\"><div class = \"slideshow_align_caption\"><h2  style='font-size:60px; ' class='avia-caption-title '  itemprop=\"name\" >Schule und berufliche F\u00f6rderung<\/h2><\/div><\/div><\/div><\/div><\/div><img src='https:\/\/alter-schmiedehof.de\/wp-content\/uploads\/2015\/12\/schule.jpg' width='1500' height='630' title='schule' alt=''  itemprop=\"thumbnailUrl\"   \/><\/div><\/li><\/ul><\/div><\/div>\n<\/div><\/div><\/div><!-- close content main div --><\/div><\/div><div class='clear'><\/div><div id='sub_menu1' class='av-submenu-container main_color  av-sticky-submenu container_wrap fullsize'   style='z-index:301'><div class='container av-menu-mobile-disabled '><ul id=\"menu-footer-spalte-2\" class=\"av-subnav-menu av-submenu-pos-center\"><li id=\"menu-item-87\" class=\"menu-item menu-item-type-post_type menu-item-object-page menu-item-top-level menu-item-top-level-1\"><a href=\"https:\/\/alter-schmiedehof.de\/index.php\/der-hof\/\" itemprop=\"url\"><span class=\"avia-bullet\"><\/span><span class=\"avia-menu-text\">Der Hof<\/span><span class=\"avia-menu-fx\"><span class=\"avia-arrow-wrap\"><span class=\"avia-arrow\"><\/span><\/span><\/span><\/a><\/li>\n<li id=\"menu-item-86\" class=\"menu-item menu-item-type-post_type menu-item-object-page menu-item-top-level menu-item-top-level-2\"><a href=\"https:\/\/alter-schmiedehof.de\/index.php\/achtsamkeits-und-fertigkeitsgruppe\/\" itemprop=\"url\"><span class=\"avia-bullet\"><\/span><span class=\"avia-menu-text\">Achtsamkeits-und Fertigkeitsgruppe<\/span><span class=\"avia-menu-fx\"><span class=\"avia-arrow-wrap\"><span class=\"avia-arrow\"><\/span><\/span><\/span><\/a><\/li>\n<li id=\"menu-item-85\" class=\"menu-item menu-item-type-post_type menu-item-object-page menu-item-top-level menu-item-top-level-3\"><a href=\"https:\/\/alter-schmiedehof.de\/index.php\/tierhaltung\/\" itemprop=\"url\"><span class=\"avia-bullet\"><\/span><span class=\"avia-menu-text\">Tierhaltung<\/span><span class=\"avia-menu-fx\"><span class=\"avia-arrow-wrap\"><span class=\"avia-arrow\"><\/span><\/span><\/span><\/a><\/li>\n<li id=\"menu-item-84\" class=\"menu-item menu-item-type-post_type menu-item-object-page menu-item-top-level menu-item-top-level-4\"><a href=\"https:\/\/alter-schmiedehof.de\/index.php\/schule-beruf\/\" itemprop=\"url\"><span class=\"avia-bullet\"><\/span><span class=\"avia-menu-text\">Schule und berufliche F\u00f6rderung<\/span><span class=\"avia-menu-fx\"><span class=\"avia-arrow-wrap\"><span class=\"avia-arrow\"><\/span><\/span><\/span><\/a><\/li>\n<li id=\"menu-item-83\" class=\"menu-item menu-item-type-post_type menu-item-object-page menu-item-top-level menu-item-top-level-5\"><a href=\"https:\/\/alter-schmiedehof.de\/index.php\/angehoerigenarbeit\/\" itemprop=\"url\"><span class=\"avia-bullet\"><\/span><span class=\"avia-menu-text\">Angeh\u00f6rigenarbeit<\/span><span class=\"avia-menu-fx\"><span class=\"avia-arrow-wrap\"><span class=\"avia-arrow\"><\/span><\/span><\/span><\/a><\/li>\n<\/ul><\/div><\/div><div class='sticky_placeholder'><\/div>\n<div class=\"flex_column av_one_fifth  flex_column_div av-zero-column-padding first  \" style='border-radius:0px; '><\/div>\n<div class=\"flex_column av_three_fifth  flex_column_div av-zero-column-padding   \" style='border-radius:0px; '><section class=\"av_textblock_section \"  itemscope=\"itemscope\" itemtype=\"https:\/\/schema.org\/CreativeWork\" ><div class='avia_textblock  '   itemprop=\"text\" ><p style=\"text-align: justify;\">Schulische sowie berufliche Ausbildung sind integrative Schritte in die Gesellschaft. Sie sind wichtige Bausteine bei der Entwicklung des eigenen Selbstverst\u00e4ndnisses und Selbstwertgef\u00fchls. Sie sollten aus diesen Gr\u00fcnden jedem Menschen, soweit m\u00f6glich, gew\u00e4hrt werden. Nicht jedem unserer M\u00e4dchen gelingt der Besuch einer Regelschule auf Anhieb. Hierf\u00fcr gibt es unterschiedliche Gr\u00fcnde und meistens liegt es nicht an mangelnder grunds\u00e4tzlicher Leistungsf\u00e4higkeit, sondern an Kraft kostenden Entwicklungsaufgaben auf anderen Feldern.<\/p>\n<p style=\"text-align: justify;\">Damit sie in der Zeit, in der sie auch stark in anderen Bereichen k\u00e4mpfen m\u00fcssen, nicht abgeh\u00e4ngt und zus\u00e4tzlich frustriert werden, fangen wir diese L\u00fccke durch unsere hofinterne Schule auf. Ziel ist es dabei immer, einen gelungenen Wiedereinstieg in das allgemeine Schul- und Ausbildungssystem zu finden.<\/p>\n<p style=\"text-align: justify;\">Wir arbeiten unterst\u00fctzend mit den umliegenden Schulen und Betrieben zusammen. Das Team begleitet die M\u00e4dchen in Schule, Praktika und Ausbildung. Wir haben Verst\u00e4ndnis daf\u00fcr, dass nicht immer alles klappt, was man sich vorgenommen hat. Es geh\u00f6rt zu unseren Aufgaben, auch das Umfeld der M\u00e4dchen zu sensibilisieren, damit es Verst\u00e4ndnis aufbringen kann. Wir machen Mut zu neuen Anl\u00e4ufen. Ziel ist letztlich immer ein gelungener Integrationsprozess.<\/p>\n<p style=\"text-align: justify;\">Die einrichtungsinterne Beschulung (nicht im Tagespflegesatz enthalten) findet im engen Austausch mit den Betreuern statt. So ist es m\u00f6glich, sehr genau auf die individuellen Lernvoraussetzungen, die bei den M\u00e4dchen von Tag zu Tag schwanken, einzugehen. Gute Phasen k\u00f6nnen somit intensiver genutzt und Frustrationserlebnisse in schlechten Phasen vermieden werden.<\/p>\n<p style=\"text-align: justify;\">Im Vordergrund steht das Bestreben, Mut zu machen, Erfolgserlebnisse zu vermitteln und Vertrauen in die eigenen F\u00e4higkeiten zu gewinnen.<\/p>\n<p style=\"text-align: justify;\">Die M\u00e4dchen sollen Bildung nicht nur zweckorientiert im Hinblick auf den Schulabschluss, sondern auch als Erweiterung ihres Horizontes erleben.<\/p>\n<p style=\"text-align: justify;\">In diesem Sinne sollen sie motiviert werden, das Weltgeschehen aktiv mit zu verfolgen: Zeitungen und B\u00fccher lesen, Nachrichten schauen und gezielt Informationen sammeln, die mit den Erzieherinnen und der Lehrerin nachbereitet werden. Einer Welt gegen\u00fcber zu stehen, die man versteht, verschafft Sicherheit und f\u00f6rdert die emotionale Stabilit\u00e4t.<br \/>\nIn Beschulungsma\u00dfnahmen au\u00dferhalb der Einrichtung sind die M\u00e4dchen oftmals intellektuell unter-, dagegen emotional aber \u00fcberfordert, wodurch sie trotzt ihrer intellektuellen F\u00e4higkeiten nicht selten scheitern. Dieses f\u00fchrt zu erheblichen Irritationen bez\u00fcglich des Selbstwertgef\u00fchls. Da der Aufbau des Gef\u00fchls f\u00fcr die eigene Wertigkeit zentraler Bestandteil unserer p\u00e4dagogischen Arbeit ist, stellt die interne Beschulung hierf\u00fcr einen fundamentalen Baustein dar.<\/p>\n<p style=\"text-align: justify;\">Da das Ziel die gelungene und nachhaltige Wiedereingliederung in das Regelschulsystem ist, orientieren wir den Unterricht an den Lehrpl\u00e4nen des Landes Schleswig-Holsteins.<\/p>\n<p style=\"text-align: justify;\">Im Sinne der nachhaltigen Arbeit ist eine enge Begleitung auch nach der Wiedereingliederung sinnvoll. Ist-Zust\u00e4nde und W\u00fcnsche werden mit den M\u00e4dchen reflektiert und Letztere auf Umsetzbarkeit gepr\u00fcft. Ziele werden gesucht und formuliert und in konkrete Pl\u00e4ne umgewandelt. Zur Umsetzung dieser Pl\u00e4ne wird praktische Hilfe angeboten.<\/p>\n<\/div><\/section><\/div><div class=\"flex_column av_one_fifth  flex_column_div av-zero-column-padding   \" style='border-radius:0px; '><\/div><\/p>\n","protected":false},"excerpt":{"rendered":"","protected":false},"author":3,"featured_media":0,"parent":0,"menu_order":0,"comment_status":"closed","ping_status":"closed","template":"","meta":{"footnotes":""},"class_list":["post-69","page","type-page","status-publish","hentry"],"_links":{"self":[{"href":"https:\/\/alter-schmiedehof.de\/index.php\/wp-json\/wp\/v2\/pages\/69","targetHints":{"allow":["GET"]}}],"collection":[{"href":"https:\/\/alter-schmiedehof.de\/index.php\/wp-json\/wp\/v2\/pages"}],"about":[{"href":"https:\/\/alter-schmiedehof.de\/index.php\/wp-json\/wp\/v2\/types\/page"}],"author":[{"embeddable":true,"href":"https:\/\/alter-schmiedehof.de\/index.php\/wp-json\/wp\/v2\/users\/3"}],"replies":[{"embeddable":true,"href":"https:\/\/alter-schmiedehof.de\/index.php\/wp-json\/wp\/v2\/comments?post=69"}],"version-history":[{"count":6,"href":"https:\/\/alter-schmiedehof.de\/index.php\/wp-json\/wp\/v2\/pages\/69\/revisions"}],"predecessor-version":[{"id":261,"href":"https:\/\/alter-schmiedehof.de\/index.php\/wp-json\/wp\/v2\/pages\/69\/revisions\/261"}],"wp:attachment":[{"href":"https:\/\/alter-schmiedehof.de\/index.php\/wp-json\/wp\/v2\/media?parent=69"}],"curies":[{"name":"wp","href":"https:\/\/api.w.org\/{rel}","templated":true}]}}